{"id":1126,"date":"2024-11-12T09:36:19","date_gmt":"2024-11-12T09:36:19","guid":{"rendered":"https:\/\/ciencias.uem.mz\/?page_id=1126"},"modified":"2024-11-12T09:37:24","modified_gmt":"2024-11-12T09:37:24","slug":"departamento-financeiro","status":"publish","type":"page","link":"https:\/\/ciencias.uem.mz\/?page_id=1126","title":{"rendered":"Departamento Financeiro"},"content":{"rendered":"\t\t<div data-elementor-type=\"wp-page\" data-elementor-id=\"1126\" class=\"elementor elementor-1126\">\n\t\t\t\t<div class=\"elementor-element elementor-element-656613c e-flex e-con-boxed e-con e-parent\" data-id=\"656613c\" data-element_type=\"container\">\n\t\t\t\t\t<div class=\"e-con-inner\">\n\t\t\t\t<div class=\"elementor-element elementor-element-c1c3ce2 elementor-widget elementor-widget-page-title\" data-id=\"c1c3ce2\" data-element_type=\"widget\" data-widget_type=\"page-title.default\">\n\t\t\t\t<div class=\"elementor-widget-container\">\n\t\t\t\t\t\t\t\n\t\t<div class=\"hfe-page-title hfe-page-title-wrapper elementor-widget-heading\">\n\n\t\t\t\t\t\t\t\t\t\t\t<a href=\"https:\/\/ciencias.uem.mz\">\n\t\t\t\t\t\t<h2 class=\"elementor-heading-title elementor-size-default\">\n\t\t\t\t\t\t\t\t\n\t\t\t\tDepartamento Financeiro  \n\t\t\t<\/h2 > \n\t\t\t\t\t\t\t\t\t<\/a>\n\t\t\t\t\t<\/div>\n\t\t\t\t\t\t<\/div>\n\t\t\t\t<\/div>\n\t\t\t\t<div class=\"elementor-element elementor-element-9b7e84d elementor-widget elementor-widget-text-editor\" data-id=\"9b7e84d\" data-element_type=\"widget\" data-widget_type=\"text-editor.default\">\n\t\t\t\t<div class=\"elementor-widget-container\">\n\t\t\t\t\t\t\t\t\t<p>O Departamento Financeiro \u00e9 a unidade org\u00e2nica interna da FC respons\u00e1vel pela gest\u00e3o dos recursos financeiros da Faculdade. O Departamento Financeiro estrutura-se em Reparti\u00e7\u00e3o de Finan\u00e7as e Sec\u00e7\u00f5es.<\/p><p>A Reparti\u00e7\u00e3o de Finan\u00e7as integra as sec\u00e7\u00f5es seguintes:<\/p><ol><li>Sec\u00e7\u00e3o da Contabilidade; e<\/li><li>Sec\u00e7\u00e3o da Tesouraria;<\/li><\/ol><p>O Departamento Financeiro integra sec\u00e7\u00f5es aut\u00f3nomas, designadamente:<\/p><ol><li>Sec\u00e7\u00e3o de Receitas Pr\u00f3prias; e<\/li><li>Sec\u00e7\u00e3o de Assist\u00eancia a Projectos.<\/li><\/ol><p>S\u00e3o fun\u00e7\u00f5es do Departamento Financeiro, as seguintes:<\/p><ol><li>gest\u00e3o financeira da FC;<\/li><li>proposta de planos anuais de or\u00e7amento da FC;<\/li><li>proposta de execu\u00e7\u00e3o dos planos anuais de or\u00e7amento da FC;<\/li><li>proposta de aprova\u00e7\u00e3o e autoriza\u00e7\u00e3o de despesas, com base nos manuais de procedimentos estabelecidos;<\/li><li>proposta de contratos de fornecimento de bens e servi\u00e7os e empreitada de obras p\u00fablicas, nos limites da lei;<\/li><li>elabora\u00e7\u00e3o de propostas de contratos de utiliza\u00e7\u00e3o das instala\u00e7\u00f5es da FC;<\/li><li>representa\u00e7\u00e3o da Faculdade junto das empresas nos processos de aquisi\u00e7\u00e3o e pagamentos;<\/li><li>prepara\u00e7\u00e3o de balancetes referentes ao Or\u00e7amento do Estado (OE) e receitas pr\u00f3prias;<\/li><li>cumprir e fazer cumprir a regulamenta\u00e7\u00e3o estabelecida pelo Regulamento de Gest\u00e3o de Receitas Pr\u00f3prias das Institui\u00e7\u00f5es P\u00fablicas do Ensino Superior; e<\/li><li>outras que forem estabelecidas em normas ou, por \u00f3rg\u00e3o competente.<\/li><\/ol>\t\t\t\t\t\t\t\t<\/div>\n\t\t\t\t<\/div>\n\t\t\t\t\t<\/div>\n\t\t\t\t<\/div>\n\t\t\t\t<\/div>\n\t\t","protected":false},"excerpt":{"rendered":"<p>Departamento Financeiro O Departamento Financeiro \u00e9 a unidade org\u00e2nica interna da FC respons\u00e1vel pela gest\u00e3o dos recursos financeiros da Faculdade. [&hellip;]<\/p>\n","protected":false},"author":5,"featured_media":0,"parent":0,"menu_order":0,"comment_status":"closed","ping_status":"closed","template":"","meta":{"site-sidebar-layout":"no-sidebar","site-content-layout":"","ast-site-content-layout":"full-width-container","site-content-style":"default","site-sidebar-style":"default","ast-global-header-display":"","ast-banner-title-visibility":"","ast-main-header-display":"","ast-hfb-above-header-display":"","ast-hfb-below-header-display":"","ast-hfb-mobile-header-display":"","site-post-title":"disabled","ast-breadcrumbs-content":"","ast-featured-img":"disabled","footer-sml-layout":"","theme-transparent-header-meta":"","adv-header-id-meta":"","stick-header-meta":"","header-above-stick-meta":"","header-main-stick-meta":"","header-below-stick-meta":"","astra-migrate-meta-layouts":"default","ast-page-background-enabled":"default","ast-page-background-meta":{"desktop":{"background-color":"var(--ast-global-color-4)","background-image":"","background-repeat":"repeat","background-position":"center center","background-size":"auto","background-attachment":"scroll","background-type":"","background-media":"","overlay-type":"","overlay-color":"","overlay-opacity":"","overlay-gradient":""},"tablet":{"background-color":"","background-image":"","background-repeat":"repeat","background-position":"center center","background-size":"auto","background-attachment":"scroll","background-type":"","background-media":"","overlay-type":"","overlay-color":"","overlay-opacity":"","overlay-gradient":""},"mobile":{"background-color":"","background-image":"","background-repeat":"repeat","background-position":"center center","background-size":"auto","background-attachment":"scroll","background-type":"","background-media":"","overlay-type":"","overlay-color":"","overlay-opacity":"","overlay-gradient":""}},"ast-content-background-meta":{"desktop":{"background-color":"var(--ast-global-color-5)","background-image":"","background-repeat":"repeat","background-position":"center center","background-size":"auto","background-attachment":"scroll","background-type":"","background-media":"","overlay-type":"","overlay-color":"","overlay-opacity":"","overlay-gradient":""},"tablet":{"background-color":"var(--ast-global-color-5)","background-image":"","background-repeat":"repeat","background-position":"center center","background-size":"auto","background-attachment":"scroll","background-type":"","background-media":"","overlay-type":"","overlay-color":"","overlay-opacity":"","overlay-gradient":""},"mobile":{"background-color":"var(--ast-global-color-5)","background-image":"","background-repeat":"repeat","background-position":"center center","background-size":"auto","background-attachment":"scroll","background-type":"","background-media":"","overlay-type":"","overlay-color":"","overlay-opacity":"","overlay-gradient":""}},"footnotes":""},"class_list":["post-1126","page","type-page","status-publish","hentry"],"_links":{"self":[{"href":"https:\/\/ciencias.uem.mz\/index.php?rest_route=\/wp\/v2\/pages\/1126","targetHints":{"allow":["GET"]}}],"collection":[{"href":"https:\/\/ciencias.uem.mz\/index.php?rest_route=\/wp\/v2\/pages"}],"about":[{"href":"https:\/\/ciencias.uem.mz\/index.php?rest_route=\/wp\/v2\/types\/page"}],"author":[{"embeddable":true,"href":"https:\/\/ciencias.uem.mz\/index.php?rest_route=\/wp\/v2\/users\/5"}],"replies":[{"embeddable":true,"href":"https:\/\/ciencias.uem.mz\/index.php?rest_route=%2Fwp%2Fv2%2Fcomments&post=1126"}],"version-history":[{"count":0,"href":"https:\/\/ciencias.uem.mz\/index.php?rest_route=\/wp\/v2\/pages\/1126\/revisions"}],"wp:attachment":[{"href":"https:\/\/ciencias.uem.mz\/index.php?rest_route=%2Fwp%2Fv2%2Fmedia&parent=1126"}],"curies":[{"name":"wp","href":"https:\/\/api.w.org\/{rel}","templated":true}]}}